= h + 1. Let a = 14 + -5. Let s be 6/a + 14/(-3). Calculate w(s).
-3
Let c(y) = -y**3 - 6*y**2 - 4*y + 6. Let t be c(-5). Let z = -2 + t. Let r be z/3 + (-64)/(-12). Let b(k) = k - 1. Determine b(r).
4
Let h(a) = 10 - 10*a - a - 9 + 7*a + 32. Calculate h(7).
5
Let w(h) be the first derivative of h**4/4 + 3*h**3 + 5*h**2/2 - 11*h + 99. Give w(-8).
13
Let z(n) = -n**2 + 3*n - 5. Suppose -252 - 92 = -43*h. Calculate z(h).
-45
Let o(x) = -467 - 464 - 7*x + 927 - 10*x. Determine o(-3).
47
Let y(c) = 9 - 3*c + 7*c - c**3 - 41*c**2 + 75*c**2 - 39*c**2. What is y(-6)?
21
Let q(n) = -n**2 + 19*n - 19. Let h(x) = -x**2 + 17*x - 17. Let g(z) = 6*h(z) - 5*q(z). Give g(5).
3
Let g = -336 + 343. Let t(s) = -s + 2. Calculate t(g).
-5
Let r(z) = -19*z**3 + 1 + 2*z + 3*z**3 + 8*z**3 + 9*z**3 + 3*z**2. Calculate r(-3).
-5
Let w(h) = h**3 - 5*h**2 - 5*h + 7. Let d(b) = -b**3 + 19*b**2 - 19*b + 24. Suppose 7*t - 6*t = 18. Let o be d(t). Calculate w(o).
13
Let m be ((-273)/(-14))/13 - 15/(-2). Suppose f + m = 5. Let p(t) = 4*t - 1. What is p(f)?
-17
Suppose -21 = -5*f + 4*j, 0*j + 6 = 2*f - j. Let g(q) = 14*q**2 - 7*q + 1. Let n(d) = d**2 - d. Let u(a) = g(a) - 5*n(a). Give u(f).
8
Let k(y) = -4*y**2 + 1. Let z(p) = -17*p**2 + 4. Let l(v) = -26*k(v) + 6*z(v). Let q be (-3)/2 - (-9)/6. Let u be q - (-3)/(15/10). Calculate l(u).
6
Let q = 493 + -488. Let j(u) = 8*u - 5. Give j(q).
35
Let d = -181/840 + 9/35. Let v(l) be the third derivative of -1/60*l**5 + d*l**4 + 0*l - 1/3*l**3 + 0 - 4*l**2. Give v(2).
-4
Let r = 15 - 9. Let j = 4 - r. Let q be j/8 - (-42)/8. Let m(u) = -2*u + 5. Calculate m(q).
-5
Let x(p) = 78 - 22 + 10*p + p**2 - 21 - 4 - 12. Calculate x(-6).
-5
Let t(c) = c**2 - 4*c. Let o(b) = 21*b**3 - 2*b**2 + b. Let f be o(1). Suppose 2*q - 2*a = 37 + 11, a + 48 = 2*q. Suppose 0 = -2*w + q - f. Give t(w).
-4
Let l be 51/(-7) + 2/7. Let s(t) be the second derivative of t**5/20 + 2*t**4/3 + t**3 - 5*t**2 - 625*t. Give s(l).
-3
Let h(y) be the first derivative of 16*y**3/3 - 2. Let f(v) = 3*v**2 - 42*v + 8. Let d be f(14). Suppose -b + d*b + 7 = 0. Calculate h(b).
16
Let k(p) = -7*p**2 - 10*p + 1. Let r(l) = -2*l + 62. Let i be r(28). Let w(h) = -20*h**2 - 29*h + 4. Let u(y) = i*w(y) - 17*k(y). What is u(-6)?
-5
Let g(a) = -3*a**2 - 4*a + 7. Let r(n) be the third derivative of n**5/60 - n**2. Suppose 3*b + 152 = 155. Let k(m) = b*g(m) + 2*r(m). Determine k(-5).
2
Let w(j) = 36*j**2 - 5 + 8*j + 27*j**2 - 62*j**2. Calculate w(-8).
-5
Let w(l) be the third derivative of 0 + 0*l + 1/3*l**3 - 1/24*l**4 - 1/15*l**5 + 24*l**2 - 1/60*l**6. What is w(-2)?
4
Let u = 0 - 1. Let h be 2 + u - 1/(-1). Let o(v) = v - 3. Let i(c) = 1. Let q(k) = h*o(k) + 9*i(k). Calculate q(-2).
-1
Suppose 31*a + 160 = 36*a. Let s(b) = 18*b - a*b + 15*b. Calculate s(3).
3
Suppose -4*t - 10 + 18 = 0. Let y(i) = -2*i - 4 + 9*i**2 - 9*i**t + i**3 + 3*i**2. Suppose 0 = d + 3. Calculate y(d).
2
Let a = -220 - -225. Let c(i) = 7 - 3*i - i - 3*i**2 + 4*i**2. Give c(a).
12
Suppose -7*h = -h. Let t(k) = h + 2 + 1 + 4*k. Give t(3).
15
Let g = -2367 + 2372. Let v(n) be the third derivative of 0 - 7/6*n**3 + 0*n - 1/8*n**4 + 1/60*n**5 - n**2. What is v(g)?
3
Let s(h) = 3*h - 1. Let q(g) be the second derivative of -g**3/6 + 9*g. Let a(w) = 6*q(w) + s(w). Give a(2).
-7
Let p = -16 + 11. Let z(v) be the first derivative of 3*v**2/2 + 6*v + 178. Give z(p).
-9
Let m = 31 + -27. Let p(h) = -55 + m*h + 45 - 3*h. Calculate p(0).
-10
Suppose -5*t + 13 = 3*w, -3*w + 4*t = -w + 28. Suppose 0 = 2*j - 10, -12 = -4*k - j + 1. Let r(b) = -1 - 3*b**3 + k*b**3 - b - 5*b**2 - 4*b. What is r(w)?
3
Let u(c) = c**3 + 5*c**2 + c - 4. Let b be (-98)/8*(-9 + 17). Let z be 364/b - 4/14. What is u(z)?
8
Let m(g) = -g**3 + 5*g**2 - 3*g + 1. Let y(w) = -2*w**2 + 7*w + 20. Let s be y(5). Determine m(s).
-14
Suppose 12*l + 21*l - 14*l - 95 = 0. Let h(r) = -3 + 2*r - 1 - 2. What is h(l)?
4
Suppose q - 62 = -4*p + 3*q, 0 = 3*p + 4*q - 30. Let x(k) = -k**3 + 14*k**2 + 3*k - 11. Determine x(p).
31
Let p(z) = -3*z - 9. Let w(k) = k + 3. Suppose q + 5*u = -2*q - 9, 5*q + 2*u = 4. Let t(b) = q*p(b) + 7*w(b). Calculate t(6).
9
Let r(s) = 33*s**2 + 15*s + 3. Let q(x) = 91*x**2 + 44*x + 8. Let d(k) = 4*q(k) - 11*r(k). Suppose 3*a - 3 = -33. Determine d(a).
-11
Let w(u) = -2*u**2 - 3*u - 1. Suppose -5*r - 5*o - 35 = 0, 3*r - 4*o = 1 + 13. Give w(r).
-3
Let d(x) = -x**2 - x + 1. Let a be (72/(-28))/(-3)*7. Suppose -l = 4*z - 12, -2*z + 0 + a = l. Suppose 3*h - z*y + 4 - 22 = 0, 5*y + 28 = 4*h. What is d(h)?
-5
Let f(v) = -v**2 + 11*v + 4. Let a(d) = 8*d**2 + 56*d + 57. Let y be a(-1). Give f(y).
22
Let q be (4/(-10))/((-1)/(-5)). Let p(m) = 5*m**2 + 2*m - 3. Let d = -44 - -43. Let n(s) = s**2 - 1. Let r(w) = d*p(w) + 4*n(w). Determine r(q).
-1
Let y(j) = -j**2 - 9*j - 5. Suppose 8 = -19*a - 106. Calculate y(a).
13
Suppose -3*b + 594 = 3*b. Let q be 4/14 - b/(-21). Let o(m) = m**3 - 5*m**2 - 3*m + 6. Calculate o(q).
-9
Let u(q) = -1 + 33 - 27 + 2 - 3 - 8*q. Determine u(4).
-28
Let b(c) = 61*c**2 - 1 + 3*c - 21*c**3 - 3*c + 16*c**3 - 62*c**2. Calculate b(-1).
3
Let t(o) = 683*o - 683*o + 1 - 14*o**2. Calculate t(-1).
-13
Let z(i) be the first derivative of -2/3*i**3 - 7 - 3/2*i**2 - i. What is z(-2)?
-3
Let g(j) = 13*j. Suppose -19*w + 61 - 4 = 0. Give g(w).
39
Let p(s) = 129 - 423*s + 421*s - 110. Determine p(0).
19
Let t(v) = 0*v**2 + 3*v - 5*v + 0*v + 10*v**2 - 9*v**2 - 7. Suppose 82 + 38 = 4*j. Let w be 4/6*j/4. Determine t(w).
8
Let k(j) = -j**2 - 4*j + 1. Let t = -42 + 45. Suppose 0 = 2*o - 0*o. Suppose -t*a = -4*q - 2, 2 = -q - o. Give k(a).
5
Let h(x) = 3 - 212*x - 234*x + 429*x. Give h(2).
-31
Let d(j) = j - 2. Suppose -4*l = -8, 0*t - 5*l - 30 = -t. Let c = t + -36. What is d(c)?
2
Let d(q) = -8*q - 18*q**2 - 12 - 3 + 19*q**2. Give d(9).
-6
Let p(q) = -q**3 + 11*q**2 - 11*q + 5. Let k be (1/(7 - 8))/((-2)/20). What is p(k)?
-5
Let o(s) = 0*s**3 + 7*s**3 - 2 + 1 - 2*s. Let j = 58 - 53. Suppose j*z - 1 = -6. Give o(z).
-6
Let t(f) = -f**3 + 4*f**2 + 7*f - 5. Let k = 160 - 155. Determine t(k).
5
Let d(p) = 2*p**2 + 3*p - 5. Suppose 37*u - 16*u = -105. Calculate d(u).
30
Let b(m) = m**3 - 4*m**2 - 3*m - 4. Suppose -3*a - 49 = -1. Let w(g) = 4*g + 2*g - 10*g - 11 + 3*g. Let o be w(a). Give b(o).
6
Suppose -13 - 12 = -5*k + 5*h, -3*h = -k + 3. Let d(x) = -8*x + 12*x - x**3 - 6 + 7*x**2 - 9*x. What is d(k)?
0
Let b(k) = -160*k + 3*k**2 - k**3 + 47 - 43 + 155*k. Suppose j = -5*f + 19, -2*f - 15 = -5*j - 1. Give b(f).
-11
Let a = -1 + 2. Let y be (2/2)/(1/2). Let c(g) = -3*g**3 - 1 - 2*g**2 - 5*g**2 - 3*g**2 + 11*g**y. What is c(a)?
-3
Let a(t) be the second derivative of -5*t**3/6 - 2*t**2 + t. Let f(y) = 10*y + 7. Let z(g) = 7*a(g) + 4*f(g). Determine z(1).
5
Let x be ((-56)/(-8))/((-3)/(-15)). Let h(t) = 38*t**3 - 1 - 74*t**3 + x*t**3 - 2*t - 5*t**2. Give h(-5).
9
Let h(c) be the third derivative of -1/6*c**3 - 3*c**2 + 1/24*c**4 + 8*c + 0. What is h(8)?
7
Let i(f) = 7*f + 17 - 5*f - 3*f - 5. What is i(9)?
3
Let u be (0 + -8*1)/(-2). Let z(c) be the first derivative of c**3/3 - 3*c**2/2 - 2*c + 45. Calculate z(u).
2
Let q(w) be the first derivative of w**3/3 + 2*w**2 + 5*w + 90. Calculate q(-4).
5
Let o(h) = -5*h + 13. Let s(z) = -5*z + 12. Let l(g) = -3*o(g) + 4*s(g). Determine l(7).
-26
Let n(m) = -11*m**2 - 22*m + 42. Let o(l) = -20*l**2 - 43*l + 85. Let w(x) = 9*n(x) - 5*o(x). Give w(-20).
13
Let v(m) = -m**2 - 12*m - 5. Suppose 0 = 3*t + 5*s + 96, 0*s + 64 = -2*t - 4*s. Let n = -44 - t. Calculate v(n).
-5
Let j(o) = o + 4. Suppose -3*q = 4*t - 1, 0 = -0*t + t + q - 1. Let w be j(t). Suppose w*f - f = 1. Let k(r) = -r + 1. Calculate k(f).
0
Suppose 5*i + 1 + 21 = -2*w, -i - 26 = 4*w. Let r(j) be the first derivative of -j**4/4 - 5*j**3/3 + 3*j**2 + 6*j - 120. Determine r(w).
6
Let h be (-8)/20*1*-5. Let l(k) = -8 + 5*k - 2*k + 5*k - k**h. Let p be (-1)/4 + 50/8. Calculate l(p).
4
Let h(s) be the second derivative of 11*s**3/3 + 3*s**2/2 + 9*s + 2. Calculate h(2).
47
Let k(a) = 5*a + 4*a**2 + 2 - 5*a**2 + 2*a**2 - 2 + 1. Give k(-5).
1
Let v(g) be the first derivative of -g**4/4 - 5*g**3/3 + 5*g**2/2 - 5*g - 3. Let d(o) = o**3 - 6*o**2 + 5*o - 6. Let b be d(5). Let k = -12 - b. Give v(k).
1
Let p(f) = -11 - 2 + 4 - 8*f + 3 + 7. What i